mainder when 327 is divided by 59?
32
Calculate the remainder when 661 is divided by 161.
17
Calculate the remainder when 77 is divided by 16.
13
Calculate the remainder when 64 is divided by 6.
4
What is the remainder when 107 is divided by 56?
51
What is the remainder when 506 is divided by 136?
98
Calculate the remainder when 366 is divided by 92.
90
What is the remainder when 67 is divided by 24?
19
What is the remainder when 767 is divided by 60?
47
Calculate the remainder when 123 is divided by 14.
11
Calculate the remainder when 14 is divided by 7.
0
What is the remainder when 373 is divided by 189?
184
Calculate the remainder when 4363 is divided by 21.
16
Calculate the remainder when 215 is divided by 178.
37
What is the remainder when 36 is divided by 29?
7
Calculate the remainder when 659 is divided by 112.
99
Calculate the remainder when 132 is divided by 47.
38
Calculate the remainder when 197 is divided by 8.
5
Calculate the remainder when 284 is divided by 151.
133
What is the remainder when 368 is divided by 77?
60
Calculate the remainder when 385 is divided by 70.
35
Calculate the remainder when 958 is divided by 37.
33
What is the remainder when 59 is divided by 33?
26
Calculate the remainder when 323 is divided by 205.
118
Calculate the remainder when 401 is divided by 81.
77
Calculate the remainder when 57 is divided by 39.
18
What is the remainder when 92 is divided by 41?
10
What is the remainder when 252 is divided by 55?
32
What is the remainder when 171 is divided by 35?
31
Calculate the remainder when 783 is divided by 14.
13
What is the remainder when 174 is divided by 35?
34
What is the remainder when 13 is divided by 10?
3
What is the remainder when 76 is divided by 62?
14
What is the remainder when 4992 is divided by 19?
14
What is the remainder when 872 is divided by 145?
2
Calculate the remainder when 221 is divided by 23.
14
Calculate the remainder when 132 is divided by 34.
30
Calculate the remainder when 1669 is divided by 8.
5
Calculate the remainder when 183 is divided by 11.
7
Calculate the remainder when 186 is divided by 43.
14
What is the remainder when 498 is divided by 22?
14
Calculate the remainder when 194 is divided by 177.
17
What is the remainder when 328 is divided by 26?
16
Calculate the remainder when 12947 is divided by 10.
7
Calculate the remainder when 311 is divided by 79.
74
Calculate the remainder when 93 is divided by 18.
3
What is the remainder when 1023 is divided by 54?
51
Calculate the remainder when 1608 is divided by 61.
22
Calculate the remainder when 26067 is divided by 49.
48
What is the remainder when 206 is divided by 26?
24
Calculate the remainder when 1972 is divided by 33.
25
Calculate the remainder when 1651 is divided by 87.
85
What is the remainder when 432 is divided by 89?
76
What is the remainder when 3613 is divided by 18?
13
Calculate the remainder when 4872 is divided by 1216.
8
Calculate the remainder when 4203 is divided by 840.
3
What is the remainder when 302 is divided by 8?
6
What is the remainder when 630 is divided by 98?
42
Calculate the remainder when 701 is divided by 233.
2
What is the remainder when 31509 is divided by 101?
98
What is the remainder when 1587 is divided by 100?
87
What is the remainder when 4497 is divided by 109?
28
Calculate the remainder when 1931 is divided by 9.
5
Calculate the remainder when 143 is divided by 7.
3
What is the remainder when 241 is divided by 40?
1
Calculate the remainder when 26 is divided by 15.
11
Calculate the remainder when 132 is divided by 13.
2
What is the remainder when 2742 is divided by 547?
7
Calculate the remainder when 541 is divided by 183.
175
What is the remainder when 429 is divided by 8?
5
Calculate the remainder when 184 is divided by 179.
5
Calculate the remainder when 1756 is divided by 479.
319
What is the remainder when 910 is divided by 445?
20
Calculate the remainder when 392 is divided by 66.
62
Calculate the remainder when 1370 is divided by 55.
50
What is the remainder when 103 is divided by 29?
16
Calculate the remainder when 438 is divided by 74.
68
Calculate the remainder when 144 is divided by 77.
67
Calculate the remainder when 839 is divided by 213.
200
What is the remainder when 109 is divided by 104?
5
Calculate the remainder when 1773 is divided by 582.
27
What is the remainder when 179 is divided by 48?
35
Calculate the remainder when 23 is divided by 2.
1
What is the remainder when 417 is divided by 60?
57
What is the remainder when 447 is divided by 151?
145
Calculate the remainder when 70 is divided by 40.
30
What is the remainder when 305 is divided by 31?
26
What is the remainder when 1917 is divided by 69?
54
Calculate the remainder when 231 is divided by 13.
10
What is the remainder when 88 is divided by 7?
4
Calculate the remainder when 329 is divided by 72.
41
What is the remainder when 676 is divided by 62?
56
Calculate the remainder when 197 is divided by 87.
23
Calculate the remainder when 1546 is divided by 36.
34
Calculate the remainder when 298 is divided by 52.
38
Calculate the remainder when 307 is divided by 39.
34
What is the remainder when 26063 is divided by 36?
35
What is the remainder when 1203 is divided by 9?
6
Calculate the remainder when 578 is divided by 104.
58
What is the remainder when 3464 is divided by 19?
6
Calculate the remainder when 236 is divided by 60.
56
What is the remainder when 2923 is divided by 582?
13
Calculate the remainder when 12237 is divided by 18.
15
What is the remainder when 643 is divided by 138?
91
What is the remainder when 664 is divided by 67?
61
What is the remainder when 46 is divided by 6?
4
What is the remainder when 168 is divided by 43?
39
Calculate the remainder when 85 is divided by 22.
19
Calculate the remainder when 165 is divided by 86.
79
What is the remainder when 1239 is divided by 69?
66
What is the remainder when 2029 is divided by 18?
13
Calculate the remainder when 23 is divided by 12.
11
What is the remainder when 201 is divided by 64?
9
Calculate the remainder when 157 is divided by 10.
7
What is the remainder when 94 is divided by 26?
16
Calculate the remainder when 679 is divided by 286.
107
Calculate the remainder when 75 is divided by 34.
7
Calculate the remainder when 197 is divided by 23.
13
What is the remainder when 1848 is divided by 231?
0
Calculate the remainder when 86 is divided by 44.
42
Calculate the remainder when 105 is divided by 54.
51
What is the remainder when 419 is divided by 28?
27
What is the remainder when 261 is divided by 89?
83
What is the remainder when 20259 is divided by 33?
30
Calculate the remainder when 196 is divided by 10.
6
Calculate the remainder when 855 is divided by 250.
105
Calculate the remainder when 244 is divided by 79.
7
What is the remainder when 84 is divided by 25?
9
What is the remainder when 287 is divided by 34?
15
What is the remainder when 1157 is divided by 333?
158
Calculate the remainder when 657 is divided by 60.
57
What is the remainder when 162 is divided by 161?
1
Calculate the remainder when 209 is divided by 54.
47
Calculate the remainder when 219 is divided by 48.
27
What is the remainder when 117 is divided by 17?
15
Calculate the remainder when 1355 is divided by 14.
11
Calculate the remainder when 57714 is divided by 121.
118
Calculate the remainder when 59 is divided by 19.
2
What is the remainder when 812 is divided by 114?
14
What is the remainder when 63 is divided by 18?
9
What is the remainder when 5678 is divided by 20?
18
Calculate the remainder when 390 is divided by 14.
12
What is the remainder when 143 is divided by 33?
11
What is the remainder when 783 is divided by 107?
34
What is the remainder when 407 is divided by 20?
7
Calculate the remainder when 265 is divided by 118.
29
Calculate the remainder when 264 is divided by 34.
26
Calculate the remainder when 810 is divided by 192.
42
Calculate the remainder when 108 is divided by 20.
8
What is the remainder when 1299 is divided by 108?
3
Calculate the remainder when 107 is divided by 18.
17
Calculate the remainder when 2092 is divided by 176.
156
What is the remainder when 577 is divided by 191?
4
Calculate the remainder when 295 is divided by 55.
20
Calculate th